Suppose 2*l = 7*l + 395. Let j be ((-6)/15)/(-2) - l/5. Calculate the highest common factor of 32 and j.
16
Let s = -71 - -123. Let i be s/(-2)*1/(-2). What is the highest common divisor of 91 and i?
13
Let o = 193 + -83. Let d(a) = -a**3 + 29*a**2 + 60*a + 72. Let l be d(31). Calculate the highest common divisor of l and o.
10
Let v be ((-20)/3)/(3/(-9)). Let w = 1385 + -1380. Calculate the highest common divisor of v and w.
5
Suppose 7*a + 850 = 2922. What is the highest common factor of 37 and a?
37
Let l(i) = 27*i - 31. Let h be l(9). Suppose 0 = 4*t - 3*t + 4*b - 28, 2*b - h = -5*t. Calculate the greatest common divisor of 11 and t.
11
Suppose -60 = -u + 66. Let l be 189/(-15) + 12 - 213/(-5). Calculate the highest common factor of u and l.
42
Let n(a) = a**3 - a - 1. Let s be n(2). Suppose -s*c + 197 = 3*z - 2*z, c - 5*z - 55 = 0. Suppose 22*i + 47 = 157. What is the highest common factor of i and c?
5
Let d be (1 - -11) + 0 + -3. Suppose d*a = 4*a + 15. Suppose 36 = p + a. What is the highest common factor of p and 3?
3
Let q(k) = k**3 - 6*k**2 - 34*k + 207. Let v be q(5). Suppose 0 = -z + 5*z - 1716. Suppose -4*o + z = -99. Calculate the greatest common factor of v and o.
12
Let l be (-3 + (-24)/(-9))/(11/(-1221)). What is the highest common factor of 333 and l?
37
Let r(x) = -4*x**2 - 162*x - 15. Let u be r(-38). Calculate the highest common factor of 219 and u.
73
Suppose -4*c - 119 = a, -a - 16 = c + 2*a. Let j = 43 + c. What is the greatest common divisor of j and 36?
12
Suppose 0 = -3*c + 4*d - 22, c - 2*d = -0*c - 8. Let r be 218/6 + 2/c. Calculate the greatest common factor of 144 and r.
36
Let p be 7/1 - (2 - -2). Suppose p*n - 64 = -n. Calculate the highest common factor of 112 and n.
16
Let f be 2/(-5) - 22/(-5). Let d be 25 + -1 + (f - (-6)/(-3)). Calculate the highest common factor of 286 and d.
26
Suppose 14*i - 15*i - 24 = -4*x, -5*i - 8 = -4*x. Let z be (-1 - 0)/((-1)/49). Calculate the highest common divisor of z and x.
7
Suppose -21*f = -6*f - 1815. What is the greatest common factor of f and 22?
11
Let j be (-1)/3 - (-23)/(-3). Let g = -77 - -92. Let a be (4 - g)*(1 + j). Calculate the highest common divisor of a and 11.
11
Suppose 0 = -6*d + 7*d. Suppose -3*w + 6*w - 27 = d. Suppose -3*n + 145 = -4*v - 75, -5*n + 356 = 4*v. Calculate the highest common divisor of w and n.
9
Let w(r) = -3*r - 13. Let x be w(-6). Suppose -3*y - 5*j + 233 = -22, 0 = y - 5*j - 65. What is the highest common divisor of y and x?
5
Suppose -2*m = -4*y - 708, -3*m + 1041 = -19*y + 20*y. What is the greatest common factor of 60 and m?
12
Suppose 0 = -19*p + 7312 + 136. What is the greatest common divisor of 49 and p?
49
Let s be 4/(-10) + 1204/10. Let m be (20/25)/(1/25). Suppose -i + 15 = -5*v - m, 2*v = -8. What is the highest common divisor of s and i?
15
Let o = -106 + 134. Calculate the highest common divisor of o and 35.
7
Let k = 115 + 41. Calculate the greatest common factor of k and 12.
12
Let w(k) = k + 13. Let a be w(-11). Suppose 2*m + 0*m + a*i = 28, 4*m = i + 41. What is the highest common factor of m and 99?
11
Suppose 2*d - 1420 = -100*f + 95*f, -2*f - 4*d = -568. Calculate the greatest common divisor of f and 4.
4
Let y = -310 + 322. What is the highest common factor of y and 492?
12
Let o be 3*((-4)/(-6) - 0). Let z be 72 - (6/o - 1). Let g(l) = -l**2 + 41*l - 64. Let d be g(39). Calculate the greatest common divisor of z and d.
14
Let m = -9 + 10. Let v be (m/((-4)/6))/(15/(-20)). What is the greatest common factor of 22 and v?
2
Let f be (-5)/10 + 58/4. Suppose -1386 = 7*r - f*r. What is the highest common factor of 18 and r?
18
Let g be 7/28*4 - (-190)/2. What is the greatest common divisor of 6 and g?
6
Suppose 134 = -3*t + 194. What is the greatest common divisor of t and 10?
10
Suppose -2*l - 3 = l. Let w be (-23 + 24)/(l/(-26)). What is the highest common divisor of 104 and w?
26
Suppose 2*m = -3*r + 118, 0 = 3*m + 10 + 2. Calculate the highest common factor of 98 and r.
14
Let a be (-10 - -8)/(15/8 - 2). Suppose -a*b + 4*b = -48. Let w(c) = -c**2 + c + 20. Let s be w(0). What is the highest common divisor of s and b?
4
Let q(v) = 13*v**2 - 1. Let d be 4/6*21/(-14). Let k be q(d). Let j be 184/k + (-2)/6. What is the greatest common factor of 60 and j?
15
Suppose -104 = d + 3*w, w - 3*w = 5*d + 481. Let x = 104 + d. What is the highest common factor of 9 and x?
9
Let p = -478 + 569. What is the highest common factor of p and 455?
91
Let g = -98 + 150. Calculate the greatest common factor of g and 364.
52
Let t = -2 - -197. Calculate the highest common factor of t and 117.
39
Suppose 0 = -c + 4*s + 228 + 72, -c - 4*s = -308. Let m = c + -139. Calculate the highest common factor of m and 15.
15
Suppose -c = -4*i - 64, -4*c - 5*i + 205 - 12 = 0. What is the greatest common factor of c and 78?
26
Let s(i) = 4765*i**2 + 3 - 7*i + 4*i - 10*i - 4761*i**2. Let q be s(-6). What is the greatest common divisor of q and 90?
45
Let t(n) = 4*n**2 - 3*n. Let l be t(2). Let v(c) be the third derivative of -3*c**4/4 + 6*c**2. Let d be v(-5). Calculate the highest common divisor of l and d.
10
Suppose 0 = -8*b + 15 + 33. Let f be b/(-9) - 1140/(-9). Calculate the greatest common divisor of f and 14.
14
Let d be (-1 - -224) + 30/(17 + -11). Calculate the greatest common factor of 741 and d.
57
Suppose -42549 - 6927 = -57*a. What is the greatest common divisor of a and 496?
124
Suppose -4*c + t = -24 - 3, -2*t = 2*c - 16. Suppose 0 = -60*a + 67*a - 539. Calculate the highest common factor of c and a.
7
Let d be (-3)/(-2)*28/6. Let a = 112 - 35. Calculate the greatest common factor of a and d.
7
Suppose 4*q = j - 3*j + 54, -5*j = -5*q + 60. Let u be (-2)/3*(-3 + -144). Let k be (-14)/u + (-730)/(-14). Calculate the highest common factor of q and k.
13
Suppose 209*f + 2470 = 235*f. What is the greatest common factor of f and 2565?
95
Let r be (-1043)/28 - (-1)/4. Let o = r + 91. Suppose 2*v + v - 18 = 0. What is the greatest common divisor of v and o?
6
Let l = 293 - 230. Calculate the highest common divisor of l and 28.
7
Let x(h) = h**2 + 2*h. Let s be x(-2). Let m be s + 44 - (1 - -3). Calculate the highest common factor of m and 4.
4
Suppose 51 = i - 138. What is the highest common factor of 27 and i?
27
Let o be (0/(5 + -1))/3. Let m(l) = -l**2 - 2*l + 18. Let n be m(o). Calculate the greatest common factor of n and 2.
2
Let k(z) = 171*z - 75. Let d be k(1). Calculate the highest common factor of d and 928.
32
Suppose -g + 59 - 56 = 0. Suppose -3*p + 4 = -b - 8, -2*p + 21 = -5*b. Calculate the highest common divisor of p and g.
3
Let z(d) = 24*d + 3. Let o be z(2). Let g = o + -19. Calculate the greatest common divisor of g and 8.
8
Let a(u) = -u + 3. Let d be a(7). Let c be (-4)/(-8) - (-22)/d. Let j(x) = -15*x + 13. Let p be j(c). What is the highest common factor of p and 11?
11
Suppose -8*u - 13313 + 40241 = 0. What is the greatest common divisor of 102 and u?
102
Suppose x = -3*w - x + 279, w + 4*x = 93. Calculate the highest common factor of 155 and w.
31
Let s(g) = 2*g - 5. Let w be s(4). Suppose 0 = 3*z + 3*h + 39, 2*z - 2*h + 7*h + 35 = 0. Let b = w - z. What is the greatest common divisor of b and 143?
13
Suppose -4*y + 5*y - 28 = 0. Let t(l) = -4*l - 3 - 4*l - l. Let i be t(-5). What is the highest common divisor of i and y?
14
Let h(p) = 4*p**3 + 2*p**2 - 2*p. Let m be h(2). Let d = 20 - m. Let j be ((-8)/d)/(2/20). What is the greatest common factor of 25 and j?
5
Let b = 9 + -3. Suppose -b*s + s = -80. Let m be 414/13 + 8/52. Calculate the highest common factor of m and s.
16
Let p be 5/2*5070/325. Calculate the greatest common divisor of p and 897.
39
Suppose -3*r + k = -4*r + 5, -3*r + 1 = -4*k. Suppose -1 = -2*t - r. Let f = 16 + t. What is the highest common divisor of f and 105?
15
Suppose l = 4*w + 40 - 12, 3*l = 4*w + 52. Let o = -2 + l. Calculate the greatest common factor of o and 25.
5
Let j(s) = 11*s - 39. Let b be j(8). Suppose 0 = -2*h + 3*d + 29, 0*h = -3*h - d + b. What is the greatest common factor of 128 and h?
16
Let v be 8*1 - (-9 - -15). What is the greatest common factor of 98 and v?
2
Let l(m) = -m**3 - 2*m + 144. Let q be l(0). Calculate the highest common factor of 384 and q.
48
Let m(j) = -j